{"id":352,"date":"2021-12-18T16:52:49","date_gmt":"2021-12-18T13:52:49","guid":{"rendered":"http:\/\/localhost\/wordpress\/event\/?page_id=16"},"modified":"2021-12-28T11:36:12","modified_gmt":"2021-12-28T08:36:12","slug":"event-date","status":"publish","type":"page","link":"https:\/\/www.grcac.org\/?page_id=352","title":{"rendered":"Etkinlik Bilgileri ve Program"},"content":{"rendered":"\n<p><strong>G.R.C.A.C., 28 Aral\u0131k 2021, SALI g\u00fcn\u00fc CANLI ve SANAL ortamda d\u00fczenlenecektir. <\/strong><br><br>CANLI YAYIN &#8211; <a href=\"https:\/\/www.youtube.com\/watch?v=y-2RttaTDrA\" target=\"_blank\" rel=\"noreferrer noopener\">https:\/\/www.youtube.com\/watch?v=y-2RttaTDrA<\/a><\/p>\n\n\n\n<p><strong>Etkinli\u011fimiz herkese a\u00e7\u0131k ve \u00fccretsizdir.<\/strong> ISACA Sertifika sahipleri i\u00e7in <strong>3 CPE<\/strong> de\u011ferindedir.<\/p>\n\n\n\n<p><span class=\"has-inline-color has-vivid-green-cyan-color\">KAYIT&#8217;lar kapanm\u0131\u015ft\u0131r. \u0130leti\u015fim i\u00e7in info@isaca-ankara.org<\/span><br><br>Etkinlik i\u00e7in g\u00fcncel bilgiler web sayfam\u0131zdan ve sosyal medya adreslerimizden duyurulacakt\u0131r. <\/p>\n\n\n\n<p><br><strong>13:10 &#8211; 13:15 &#8211;  A\u00c7ILI\u015e<\/strong><\/p>\n\n\n\n<p><strong><span class=\"has-inline-color has-vivid-red-color\">13:15 &#8211; 13:30 &#8211; ISACA Ankara Chapter 10 Ya\u015f\u0131nda!..  <\/span><\/strong><br>Konu\u015fmac\u0131:  <strong>Volkan EVR\u0130N<\/strong>, ISACA Ankara Chapter Ba\u015fkan\u0131<\/p>\n\n\n\n<p><\/p>\n\n\n\n<p><strong><span class=\"has-inline-color has-vivid-red-color\">13:30 &#8211; 14:00 &#8211; Bilgi ve \u0130leti\u015fim G\u00fcvenli\u011fi Rehberi<\/span><\/strong><br>Ana Konu\u015fmac\u0131:  <strong>Salih TALAY<\/strong>, Daire Ba\u015fkan\u0131, <br>T.C. Cumhurba\u015fkanl\u0131\u011f\u0131 Dijital D\u00f6n\u00fc\u015f\u00fcm Ofisi &#8211; Siber G\u00fcvenlik Dairesi<br>Moderat\u00f6r: Volkan EVR\u0130N, ISACA Ankara Chapter Ba\u015fkan\u0131<\/p>\n\n\n\n<p><\/p>\n\n\n\n<p><strong><span class=\"has-inline-color has-vivid-red-color\">14:00 &#8211; 14:30 &#8211; Bilgi ve \u0130leti\u015fim G\u00fcvenli\u011fi Denetim Rehberi<\/span><\/strong><br>Konu\u015fmac\u0131: <strong>Burcu G\u00dcNDO\u011eAN<\/strong>, Bilgi G\u00fcvenli\u011fi Uzman\u0131<br>T.C. Cumhurba\u015fkanl\u0131\u011f\u0131 Dijital D\u00f6n\u00fc\u015f\u00fcm Ofisi &#8211; Siber G\u00fcvenlik Dairesi<br>Moderat\u00f6r: Volkan EVR\u0130N, ISACA Ankara Chapter Ba\u015fkan\u0131<\/p>\n\n\n\n<p><strong><span class=\"has-inline-color has-vivid-red-color\">14:30 &#8211; 14:50 &#8211; Bilgi ve \u0130leti\u015fim G\u00fcvenli\u011fi Rehberi Belgelendirme Program\u0131<\/span><\/strong><br>Konu\u015fmac\u0131: <strong>Ferhat I\u015eIK<\/strong>, TSE Uzman\u0131<br>TSE &#8211; Siber G\u00fcvenlik Belgelendirme M\u00fcd\u00fcrl\u00fc\u011f\u00fc<br>Moderat\u00f6r: Volkan EVR\u0130N, ISACA Ankara Chapter Ba\u015fkan\u0131<\/p>\n\n\n\n<p><strong>ARA &#8211; 14:50 &#8211; 15:00<\/strong><\/p>\n\n\n\n<p><strong><span class=\"has-inline-color has-vivid-red-color\">15:00 &#8211; 15:35 &#8211; Yeni Denetim Rehberi \u0131\u015f\u0131\u011f\u0131nda ISO 27001 Yakla\u015f\u0131mlar\u0131<\/span><\/strong><br>Konu\u015fmac\u0131: <strong>Adnan KARADA\u015e,<\/strong> Genel M\u00fcd\u00fcr, Denetik Uluslararas\u0131 Bel. ve G\u00f6z. Hiz. Ltd. \u015eti.<br>Konu\u015fmac\u0131: <strong>Alper \u00d6ZT\u00dcRK<\/strong>, Genel M\u00fcd\u00fcr, Proks Belgelendirme Ltd.<br>Moderat\u00f6r: \u0130brahim \u00c7ALI\u015eIR, ISACA Ankara Chapter YK \u00dcyesi<\/p>\n\n\n\n<p><strong><span class=\"has-inline-color has-vivid-red-color\">15:35 &#8211; 16:10 &#8211; \u00c7evik ve S\u00fcrd\u00fcr\u00fclebilir BT Y\u00f6neti\u015fim<\/span><\/strong>i<br>Konu\u015fmac\u0131: <strong>Cantekin ERTEK\u0130N<\/strong>, IT Governance Turkey Kurucusu<br>Konu\u015fmac\u0131: <strong>Emre ALI\u00c7<\/strong>, Kurumsal Y\u00f6neti\u015fim Derne\u011fi YK Ba\u015fkan\u0131<br>Moderat\u00f6r: <strong>Turhan Y\u00dcKSEL\u0130YOR<\/strong>, ISACA Ankara Chapter YK \u00dcyesi<\/p>\n\n\n\n<p><strong>ARA &#8211; 16:10 &#8211; 16:20<\/strong><\/p>\n\n\n\n<p><strong><span class=\"has-inline-color has-vivid-red-color\">16:20 &#8211; 16:55 &#8211; Ki\u015fisel Veriler ve Teknolojinin Ka\u00e7\u0131n\u0131lmaz Uygulamalar\u0131<\/span><\/strong><br>Konu\u015fmac\u0131: Av. M\u00fch. <strong>Hasan Sel\u00e7uk TURAN<\/strong>, \u0130stanbul Barosu Ki\u015fisel Verilerin Korunmas\u0131 Komisyonu Ba\u015fkan\u0131<br>Konu\u015fmac\u0131: Av. M\u00fch. <strong>\u00d6mer \u00d6ZER<\/strong>, \u00d6ZER-PARTNERS Y\u00f6netici Ortak<br>Moderat\u00f6r: Av. M\u00fch. <strong>Burak MEM\u0130\u015e<\/strong>, ISACA Ankara Chapter YK \u00dcyesi<\/p>\n\n\n\n<p><strong><span class=\"has-inline-color has-vivid-red-color\">16:55 &#8211; 17:30 &#8211; Kritik Altyap\u0131lar &#8211; Risk Y\u00f6netimi<\/span><\/strong><br>Konu\u015fmac\u0131: <strong>Cem DURSUN<\/strong>, Siber G\u00fcvenlik Grup M\u00fcd\u00fcr\u00fc, EnerjiSA<br>Konu\u015fmac\u0131: <strong>Mehmet KARADEN\u0130Z<\/strong>, A\u011f ve Siber G\u00fcvenlik Y\u00f6netim M\u00fcd\u00fcr\u00fc, CK Enerji<br>Moderat\u00f6r: <strong>Erdem AKSOY<\/strong>, ISACA Ankara Chapter YK \u00dcyesi<\/p>\n\n\n\n<p><strong>17:30 &#8211; 17:40 &#8211; Hediye E\u011fitim &#8211; \u00c7ekili\u015fi<\/strong><\/p>\n\n\n\n<p><strong>17:40 &#8211; 17:45 &#8211; KAPANI\u015e<\/strong><\/p>\n\n\n\n<p><\/p>\n\n\n\n<p><\/p>\n\n\n\n<p><\/p>\n","protected":false},"excerpt":{"rendered":"<p>G.R.C.A.C., 28 Aral\u0131k 2021, SALI g\u00fcn\u00fc CANLI ve SANAL ortamda d\u00fczenlenecektir. CANLI YAYIN &#8211; https:\/\/www.youtube.com\/watch?v=y-2RttaTDrA Etkinli\u011fimiz herkese a\u00e7\u0131k ve \u00fccretsizdir.&hellip; <\/p>\n","protected":false},"author":2,"featured_media":481,"parent":0,"menu_order":0,"comment_status":"closed","ping_status":"closed","template":"","meta":{"footnotes":""},"class_list":["post-352","page","type-page","status-publish","has-post-thumbnail","hentry"],"_links":{"self":[{"href":"https:\/\/www.grcac.org\/index.php?rest_route=\/wp\/v2\/pages\/352","targetHints":{"allow":["GET"]}}],"collection":[{"href":"https:\/\/www.grcac.org\/index.php?rest_route=\/wp\/v2\/pages"}],"about":[{"href":"https:\/\/www.grcac.org\/index.php?rest_route=\/wp\/v2\/types\/page"}],"author":[{"embeddable":true,"href":"https:\/\/www.grcac.org\/index.php?rest_route=\/wp\/v2\/users\/2"}],"replies":[{"embeddable":true,"href":"https:\/\/www.grcac.org\/index.php?rest_route=%2Fwp%2Fv2%2Fcomments&post=352"}],"version-history":[{"count":0,"href":"https:\/\/www.grcac.org\/index.php?rest_route=\/wp\/v2\/pages\/352\/revisions"}],"wp:featuredmedia":[{"embeddable":true,"href":"https:\/\/www.grcac.org\/index.php?rest_route=\/wp\/v2\/media\/481"}],"wp:attachment":[{"href":"https:\/\/www.grcac.org\/index.php?rest_route=%2Fwp%2Fv2%2Fmedia&parent=352"}],"curies":[{"name":"wp","href":"https:\/\/api.w.org\/{rel}","templated":true}]}}